(-1 + (-445)/y)?
True
Suppose -2*j + 5*q = -0*q + 1, 0 = 4*j - 4*q + 20. Let o be 1 + -5 - j/(-2). Is 22 a factor of 74/((-1)/(4/o))?
False
Suppose -4*k + 41 = -2*u + 151, 0 = -2*u + 3*k + 115. Suppose -3*g - 4*z + 13 = 0, z + u = 5*g - z. Suppose -g = -4*j + 193. Does 17 divide j?
True
Suppose -3*r = 2*r. Suppose 0 = 4*y + 2*m - 402, -3 = m - r*m. Is 24 a factor of y?
False
Let i(v) be the first derivative of v**2/2 - v + 11. Let w be i(6). Suppose -2*g + w*g = 5*z - 350, -4*g = 0. Is 30 a factor of z?
False
Let t(g) = -3*g**3 - 5*g**2 + 5*g. Let x be t(-6). Suppose -4*v + 346 = -2*p, 5*v = -3*p - 0*p + x. Is 11 a factor of v?
False
Suppose 1800 = 2*s + 2*s. Is 15 a factor of ((-12)/9)/((-20)/s)?
True
Suppose -93 = -4*c + 3*j + 5168, 0 = 4*c - 5*j - 5259. Is 8 a factor of c?
False
Suppose 2*i + 0*i = s + 5, -s = i - 7. Suppose 0*a - 183 = -s*a. Suppose 0 = 5*j - 2*l - 24 - a, 5*l - 101 = -4*j. Is 19 a factor of j?
True
Let s(o) = -13*o - 133. Does 9 divide s(-12)?
False
Let h(y) = -y**3 - 12*y**2 + 46*y + 26. Is 60 a factor of h(-18)?
False
Suppose -2 = -2*a + 8, 3*y = -5*a + 25. Let k be 4 - (2 - y) - 2. Suppose 0 = 3*r - k*r - 201. Does 13 divide r?
False
Suppose -3*t - 199 = 2*v, 2*t - 15 = -3*v - 141. Let i = 143 + t. Is i a multiple of 20?
False
Is (2812 - ((-42)/7 + 11))/1 a multiple of 38?
False
Let v(r) = -r**3 - 4*r**2 + 3. Let f be v(-4). Let w(j) be the second derivative of j**5/10 - j**3/2 + 3*j**2/2 + 21*j. Is 25 a factor of w(f)?
False
Is 16 a factor of ((-3438)/(-10) - -3) + 8/(-10)?
False
Suppose 134 = 3*x - w - 3*w, -x = -2*w - 46. Is 3 a factor of x?
True
Let z(y) = -y**3 + 18*y**2 - 2*y - 20. Is z(14) a multiple of 16?
True
Let d(x) = 10*x**2 - 13*x - 47. Is d(-8) a multiple of 47?
False
Let q(m) = m**2 - m + 8. Let v be q(-6). Suppose 0*n + 2*n = v. Is n a multiple of 5?
True
Suppose -u + 0*u = 4. Let b be 0/(-2) - (1 + u). Suppose 290 = 5*j - 5*f, 2*j + 2*f = -b*j + 269. Does 18 divide j?
False
Let u = -2352 - -3442. Does 59 divide u?
False
Let v = 768 + -659. Is 3 a factor of v?
False
Let r = 26 + -19. Suppose r*z - 4*z = 285. Is 5/(5/(-4)) + z a multiple of 24?
False
Suppose -4*g + 11 = 3. Suppose 0 = i + g*a - 49, -3*i - 4*a + 57 = -2*i. Is 10 a factor of i?
False
Let a = -146 - -37. Suppose 0*x + 2*q = 3*x - 551, -5*q = -x + 201. Let t = x + a. Is t a multiple of 14?
False
Let x = 931 + 1777. Is x a multiple of 17?
False
Let u = -3 - -9. Suppose u*g + 135 = 11*g. Let k = g + 33. Is k a multiple of 20?
True
Suppose 32*w - 20815 - 26417 = 0. Is w a multiple of 82?
True
Let w(r) be the second derivative of -r**5/20 - 5*r**4/6 - 7*r**3/3 - 19*r**2/2 - 3*r. Is 3 a factor of w(-9)?
False
Let t(p) = -5*p - 26. Suppose 5*i = -2*h - 12, -3*i = -h - 3*h - 24. Does 4 divide t(h)?
True
Suppose 4*l = -o - 21, 4*o + 73 = -l + 19. Let r = 9 + o. Is 14 a factor of 0*(-2)/r - -55?
False
Let i(o) = 10*o**3 + 2*o**2 - 1. Suppose m + 14 = -2*a + 3, 3*a - 2*m = -34. Let f = 9 + a. Is i(f) a multiple of 6?
False
Let a(n) be the third derivative of n**4/12 + 4*n**3/3 - 11*n**2. Let x(g) = g + 1. Let v(y) = -a(y) + 5*x(y). Is 11 a factor of v(7)?
False
Suppose -3*r - 8 = -5*r. Suppose -5*q + 383 = -r*y, y - 5 + 2 = 0. Let a = 125 - q. Is a a multiple of 12?
False
Let i(n) = -4*n - 8. Let m(a) = -6*a - 12. Let g(s) = -8*i(s) + 5*m(s). Suppose 5*q - 30 = -d + 3, -q + 3*d = -13. Is 9 a factor of g(q)?
True
Let o = -84 + 96. Suppose -2*m - 3*a + o = 0, -a - 19 = -3*m + 21. Is m a multiple of 12?
True
Suppose -7*i = -229 - 436. Is 3*2/36 + i/6 a multiple of 11?
False
Is 23 a factor of 26299/52 + 2/8?
True
Let b(o) = 18*o**2 - o + 10. Is 13 a factor of b(3)?
True
Let x(a) = a**3 + 8*a**2 + a + 4. Let p be x(-6). Let k = 25 + 23. Suppose k = c - p. Is c a multiple of 25?
False
Let k(y) = -y**3 - 16*y**2 + 16*y - 13. Let g be k(-17). Suppose g*v - 2*u - 504 = 100, -5*v + 4*u = -752. Does 8 divide v?
True
Let m(c) be the third derivative of -c**5/60 + c**4/24 + 35*c**3/3 + 8*c**2. Is m(0) a multiple of 35?
True
Suppose 32*m = -6*m + 5244. Does 21 divide m?
False
Let o be 5/3*(4 + 20). Let g = o + 6. Is g a multiple of 23?
True
Suppose -5*j - 4*c + 1212 = 0, -8*j + 11*j = 5*c + 705. Is j a multiple of 15?
True
Let o(c) = c**3 - 10*c**2 + 54*c - 406. Is o(10) a multiple of 2?
True
Let f be (-148)/28 - (-2)/7. Let x = f + 8. Suppose 0*y = -x*y + 3*t + 42, -2*t + 49 = 5*y. Is 11 a factor of y?
True
Suppose p - 19 = -5*j, 4*j + 4*p - 2*p - 14 = 0. Let z = j + -45. Let x = 94 + z. Is x a multiple of 12?
False
Does 49 divide (35/2)/(-7) - (-6715)/10?
False
Suppose -10 = 2*j - 0*j, -5*j + 1457 = 2*g. Is g a multiple of 57?
True
Suppose -481*x + 5720 = -476*x + 5*n, -3*n = 5*x - 5720. Is x a multiple of 44?
True
Let m(f) = 2*f**2 + 2*f - 2. Suppose -14*a + 10*a - 12 = 0. Let g be m(a). Let r(n) = 6*n + 1. Is r(g) a multiple of 10?
False
Let k(y) = y**2 - 25*y + 46. Let v be k(23). Suppose -3*w + 11*w - 1360 = v. Is w a multiple of 34?
True
Suppose -3*w = -6*w + 93. Suppose -5*k + 2*l - w = -0*k, l = 5*k + 33. Let v = k + 47. Is 20 a factor of v?
True
Suppose -3*u - 4239 = -3*n, 4*n - u - 1054 = 4583. Does 11 divide n?
True
Suppose 0 = -6*p + 1735 + 647. Is 31 a factor of p?
False
Is 1014/3*3/2 a multiple of 13?
True
Suppose 3*k + 194 - 2 = 0. Let w = 15 - k. Let f = -8 + w. Is 21 a factor of f?
False
Suppose 0*y + 3*y - 14974 = 2*i, 3*y + 4*i - 14944 = 0. Does 15 divide y?
False
Let x = 285 - 258. Is x a multiple of 21?
False
Let q(f) = -f + 17. Let z be q(13). Suppose 2*j - 5*t - 5 = -z*t, -5*j - 7 = 4*t. Is 18 a factor of j - 52/(1/(-1))?
False
Let n(l) = -l - 10. Let x be n(-12). Suppose 1 + 3 = x*v. Suppose 4*t - 2*q - 144 = v*q, -t - 4*q + 46 = 0. Is t a multiple of 19?
True
Is 7 + 22/33*1812 a multiple of 22?
False
Let u be (-38)/4 - 3/(-2). Let z be (0/2)/(9 + u). Suppose 5*i - 3*j - 20 = z, 4*i = 5*j + 1 + 2. Is 7 a factor of i?
True
Suppose 2*l - 10 = -5*q, -q = 5*l - l - 2. Let b(a) = -5*a + 10 + q*a + 4*a. Is b(5) a multiple of 15?
True
Let f = -455 - -660. Let d = 294 - f. Does 15 divide d?
False
Suppose 4*t = -4*a - 412, 0 = 3*a - 8*a - 4*t - 516. Let u = a + 349. Does 49 divide u?
True
Let q(b) = -b**2 - 9*b - 12. Let g be q(-11). Let z = 49 + g. Suppose 54 = 4*i + 5*c, -3*c = i - c - z. Does 3 divide i?
False
Suppose 11*i - 10*i = 3. Suppose -4*c + i*c + 61 = 0. Does 39 divide c?
False
Is 33/44 + 7485/20 a multiple of 75?
True
Let o(m) = 15*m**2 + 11*m - 6. Is 7 a factor of o(-7)?
False
Let w(z) = -156*z - 149. Does 45 divide w(-6)?
False
Let l = 276 - 120. Does 12 divide l?
True
Let u = -466 + 962. Is 10 a factor of u?
False
Let i = -32 + 29. Let s(b) = 3*b**2 + 1. Let z be s(i). Let u = 14 + z. Is 7 a factor of u?
True
Suppose 0 = 3*r - 3*s - 21 - 0, 5*s = 3*r - 11. Let j be 4/(((-16)/r)/(-1)). Suppose -11 = -j*k + 7. Does 3 divide k?
True
Suppose 1 = 2*u - s - 8, -4*s - 14 = 3*u. Suppose 0 = 6*n - u*n - 44. Is n a multiple of 11?
True
Let v = -48 + 22. Let f = 35 + v. Is f a multiple of 4?
False
Let y(j) = -j**3 + 24*j**2 - 54*j - 1. Does 51 divide y(21)?
False
Suppose -a + 0*a = -3*y + 17, 4*y = 4*a + 28. Let t = -8 - 14. Let u = a - t. Is 10 a factor of u?
True
Suppose 0 = 5*z + 2*f - 58, -5*z = -3*f - 21 - 17. Let d = -5 + z. Suppose 31 = d*x - 19. Does 10 divide x?
True
Suppose 0 = -88*b + 120*b - 18816. Is 43 a factor of b?
False
Let a = -339 - -1397. Is a a multiple of 23?
True
Let f(q) = -283*q**2 - 7*q - 7. Let z be f(-1). Let m = 408 + z. Is 5 a factor of m?
True
Let z be 4 - (-5)/(15/(-6)). Let d(o) = 4*o**2 - 2 - o + 4*o + 3 + z. Is d(-2) a multiple of 13?
True
Let o = 56 + -26. Is 10 a factor of (-3 - 55/(-15))*o?
True
Let x(c) = 28*c**3 + c**2 - 3*c + 2. Let r be x(2). Suppose -5*v - 351 - r = 0. Let u = -67 - v. Does 14 divide u?
False
Suppose -11*z + 16*z - 20 = 0. Suppose 0 = -z*n - 108 + 124. Does 3 divide n?
False
Let p be (-44)/6 + (-2)/(-6). Let z(k) = k**3 + 7*k**2 - k - 3. Let g be z(p). Suppose 3*w - 122 = -0*w + 2*o, 196 = 4*w + g*o. Does 22 divide w?
True
Suppose 6*j = 3*d + j - 76, -3*d + j + 56 = 0. Let h = d - -1. Is 9 a factor of h?
True
Suppose 12*z - 20053 + 5041 = 0. Is z a multiple of 91?
False
Let l be (-16)/6 - 22/(-33). Let z be 316/(-2)*l/4. Let h = z - 24. Is 11 a factor of h?
True
Let m(a) = a**3 -